?
4
Let d = 13872 - 6471. What is the units digit of d?
1
Let x(f) = -2*f + 18. Let p be x(8). Suppose -2*m - p*j = -66, m - 8 = -0*m + 4*j. Suppose 0 = 2*t + k - 81, 5*k = -4*t + m + 149. What is the units digit of t?
8
Suppose 5*d - 5378 = -41*o + 40*o, 3*d = 4*o - 21466. What is the tens digit of o?
6
Suppose -5*g + 241 + 69 = 0. Suppose 0 = 47*r - g*r + 12375. What is the units digit of r?
5
Let s(b) = -4*b**2 + 13*b - 3. Let y(l) be the first derivative of l**3 - 13*l**2/2 + 2*l + 21. Let n(o) = 2*s(o) + 3*y(o). What is the tens digit of n(18)?
9
Let a = 42329 - -2092. What is the units digit of a?
1
Let o = -11058 - -14001. What is the thousands digit of o?
2
What is the thousands digit of ((-1662)/72 - (-42)/56)*-687?
5
Suppose -13*u = 3 - 55. What is the units digit of 6 + 6455/10 - 2/u?
1
Suppose 0 = -2*u + 4*v + 262, -3*u + 329 = -4*v - 56. Let a = u - 53. What is the tens digit of a/15*39/2?
9
Let k(a) = a**2 + 9*a + 6. Let d be k(-7). Let u(x) be the first derivative of x**3/3 - 2*x**2 + 15*x - 295. What is the hundreds digit of u(d)?
1
Let q = 19963 - 7866. What is the ten thousands digit of q?
1
Suppose -5*n + 20 = 0, 0*o = -2*o - 4*n + 10. Let t = o - 19. Let f = 38 + t. What is the units digit of f?
6
Suppose -4105 = -7*i + 2790. Suppose i = 4*x + x. Let t = -120 + x. What is the units digit of t?
7
Let k be ((-12)/(-1 + 5))/((-7)/(-1085)). Let s = -54 - k. What is the tens digit of s?
1
Let s(l) = -l**3 + 5*l**2 + 40. Let v be s(6). Suppose 0*y - u = -4*y + 739, -v*y - 5*u = -769. What is the tens digit of y?
8
Let p = -17787 - -41663. What is the units digit of p?
6
Suppose 6*l = -3120 + 16524. Let b = l + -1302. What is the units digit of b?
2
Let f = -22 - 23. What is the tens digit of (2316/(-10))/(-3)*(-225)/f?
8
Suppose 4194 = 9*l + 540. Suppose 3*n - 3*g - l = 23, 0 = -4*n - g + 572. What is the tens digit of n?
4
Let x(z) = -1021*z - 792. What is the thousands digit of x(-13)?
2
Let i(a) = a + 13. Let j be i(-11). Suppose -2*t = -t - 52. Suppose -272 = -4*l - 4*b, -l + j*b + t = -22. What is the tens digit of l?
7
Suppose -183 = 3*g + 198. Let j = -132 - g. What is the units digit of (1/(-2))/(j - 4595/(-920))?
2
What is the units digit of (-3 + 675/21)/(5/(9520/32))?
4
Let a = -52 - -55. Suppose 32 = -j + a*j. Suppose y - 18 = j. What is the units digit of y?
4
Let g = 109 - 29. Let n = 85 - g. What is the units digit of n?
5
Suppose -27*n + 18768 = -11*n. Suppose -31*b - n = -34*b. What is the hundreds digit of b?
3
Suppose 3*y - 2483 = -2*g, -y - 2*g = 450 - 1283. What is the units digit of y?
5
Let q(k) be the second derivative of k**5/20 - 9*k**4/4 - 65*k**3/6 + 51*k**2 + 23*k - 2. What is the units digit of q(31)?
1
Let c be 2 + 3 - 25/5. Suppose -22*n - 5*b = -19*n - 874, c = -5*n - 5*b + 1460. What is the units digit of n?
3
Suppose 876*n - 1288770 = 838*n. What is the tens digit of n?
1
Suppose -40*a = -52*a + 36252. What is the units digit of a?
1
Suppose 4*f + 237 = -103. Let j = 296 - 212. Let i = j - f. What is the units digit of i?
9
Let p = -258 + 174. Let i = -88 - p. What is the tens digit of -124*i/(-4 + 20)?
3
Let g(f) = -f**2 - 7*f + 8. Let k be g(-8). Suppose k = 2*q - p - 109, -46 + 326 = 5*q + 5*p. Suppose q*r - 59 = 54*r. What is the tens digit of r?
5
Let v = -221 + 242. Let u(i) = i**2 - 11*i + 62. What is the units digit of u(v)?
2
Let l = 520 - -1088. Let a be l/(-42) - (-4)/14. Let r = a - -112. What is the units digit of r?
4
Let s(r) = 28*r**3 + 5*r**2 + 22*r + 57. Let d(h) = -15*h**3 - 3*h**2 - 11*h - 29. Let k(l) = -11*d(l) - 6*s(l). What is the tens digit of k(-5)?
8
Let j(p) = p**2 + 2*p - 1. Let f = -54 - -55. Let g be j(f). Suppose 0 = v + 4*t, g*v = v - 5*t - 4. What is the units digit of v?
6
Let p(n) = -131*n**3 - 4*n**2 - 8*n - 15. What is the tens digit of p(-4)?
3
Suppose 176383 + 467425 = 59*g. What is the ten thousands digit of g?
1
Let m be (-3)/((1 + (2 - 5))/2). Suppose -424 = -4*i - m*v, 0 = -3*i + 2*v + 284 + 51. What is the units digit of i?
9
Let j(b) = 82*b - 15. Let k = -184 - -189. What is the hundreds digit of j(k)?
3
Suppose 9*n + 27 = i + 4*n, n + 1 = -2*i. Let l(s) = 17 + 3*s - s**3 + 14*s - i*s**2 - 4*s - s. What is the tens digit of l(-7)?
7
Let s(m) = -3*m + 869. Let u be s(0). Let o = u - 618. What is the hundreds digit of -5 + 4 + 4 + o?
2
Suppose -5*k - 4*h - 88 = 0, 0 = 2*k + 3*h - 0*h + 31. Let y be ((-4)/5)/(2/k*4). What is the tens digit of 10/(-20) + 223/y?
1
Let p(j) = 14*j**3 + 4*j**2 + 56*j + 21. What is the hundreds digit of p(8)?
8
Let y = 78 - 75. Let s be 3 - (y*(-1)/3 + -1). What is the units digit of s/(-20) + (-809)/(-4)?
2
Let b(t) = -t**2 - 22*t + 3. Suppose -2*o + 5*f + 94 = -18, -3*o - 4*f + 168 = 0. Suppose 3*l - 11 + o = 0. What is the tens digit of b(l)?
0
Suppose -8820 = -20*b + 5*b. What is the hundreds digit of b?
5
Let g = 338 - -132. Suppose 9*o - g = 4*o. Let l = o - 51. What is the tens digit of l?
4
Let i(f) = 446*f - 7. Let p be i(2). Suppose 0*v - p = -5*v. Suppose 0 = 72*g - 75*g + v. What is the tens digit of g?
5
Suppose 19 = 2*n - 5*q, -2*q + 0*q - 10 = -n. What is the hundreds digit of 6*((-4106)/(-156) + n/(-78))?
1
Suppose 2*z - 2 = s - 0*s, 0 = 4*s + z - 1. Let f be ((-74)/6)/((-10)/60). Let q = s + f. What is the tens digit of q?
7
Let s = 95 - -557. Let k = -176 + s. What is the units digit of k?
6
Suppose 21*k = -70718 + 929471. What is the hundreds digit of k?
8
Let j be (-170)/(-7) - (-4)/(-14). Suppose -25*f + j*f + 33 = 0. Suppose -f*a + 30*a + 66 = 0. What is the units digit of a?
2
Suppose 0 = 10*s - 14*s - 4*r - 28, 2*r - 11 = 3*s. Let a(i) = 30*i - 27. Let z(q) = -15*q + 14. Let j(p) = 2*a(p) + 5*z(p). What is the units digit of j(s)?
1
What is the hundreds digit of (-456)/12768 - (-137285)/28?
9
Let m(q) = -2*q + 25. Let u be m(14). Let n be 80 + (u/9*3 - 2). Suppose -3*b = 2*j - n, 0 = -0*j - 2*j - 4. What is the units digit of b?
7
Let g(h) = -h - 28. Let n be g(-14). What is the hundreds digit of (-2)/n + 853/7?
1
Let c(q) = 5 - 1 - 6*q**2 - 1 - 2 + 3*q**3. Let j(o) = 6*o - 2. Let m be j(1). What is the tens digit of c(m)?
9
Let a be 8*2*906/48. What is the tens digit of (4/(-12)*3*a)/(-1)?
0
Let d = -9069 - -24683. What is the hundreds digit of d?
6
Suppose 8*h + 8 = -0*h. Let z be (-3)/2*(1 - h). What is the tens digit of (z + 147/(-6))*(-36)/15?
6
Let n(w) = w**2 + w - 181. Let s be n(12). Let i be -5*(36 - (-2 + 0)). What is the units digit of (i/s)/((-2)/(-20))?
6
Let n(d) = d - 145 + 2*d**2 - 16*d + 148. Let q = -119 + 129. What is the units digit of n(q)?
3
Let m(o) = 17 + 11*o**2 - 13 + 4*o - o**2 + o. Let z be m(-3). Suppose g + 6*r = r + z, 3 = r. What is the units digit of g?
4
Let q = -1544 - -1420. Let k = -5 + 13. Let f = k - q. What is the tens digit of f?
3
Let c(q) = -2*q**3 + 6*q**2 + 2*q - 1. Let o be c(5). Let h be (-6)/15 + 549/(-15). Let v = h - o. What is the units digit of v?
4
Suppose 5*n - 4*n - 10445 = -10*w, 0 = 3*n + 2*w - 31475. What is the hundreds digit of n?
4
Let s(c) = 5*c**2 + 38*c - 54. Let o be s(-20). Suppose -680 = -6*k + o. What is the tens digit of k?
1
Let t(u) = u**2 - 10*u + 3. Let a(x) = -x**2 + 17*x - 6. Let j(q) = 3*a(q) + 7*t(q). What is the units digit of j(-8)?
1
Suppose 39825 = 41*t - 50*t. What is the tens digit of t/(-7) + (24/(-28))/6?
3
Suppose -5*v + 115 = -0*v. Let m(r) = -r + 33. Let b be m(6). Suppose 700 = b*h - v*h. What is the hundreds digit of h?
1
Let a = -92 - -92. Suppose a = -2*t - 3*c + 88, -5*c = 4*t - 0*t - 178. Let j = 97 - t. What is the tens digit of j?
5
Let q = -642 + 663. What is the hundreds digit of (-1 + 14/q)/(2/(-6792))?
1
Let y(i) = 322*i**2 - 218*i - 2. What is the tens digit of y(-5)?
3
Suppose -3*s + 7 = 7. Let f(r) = 2*r**3 - r**2 + 425. What is the hundreds digit of f(s)?
4
Let w = -459 + 878. What is the units digit of -10 + 6 - (2 - w)?
3
Let l(t) = 36*t**2 + 6*t + 9. Let z be (-8)/8*(2 - 2) + -3. What is the units digit of l(z)?
5
Let q(s) = -3*s + 4 + 12*s - 15 - s**2 + 5 - 4*s**3 + 29*s. What is the thousands digit of q(-7)?
1
Let q = 21663 + -6274. What is the tens digit of q?
8
Suppose 5*q - 4405 = 2*b, -4*b + 3865 = 5*q - 540. Let a = -270 + q. What is the hundreds digit of a?
6
Let g(q) = q**3 + q**2.